of c**2/2 + c + 3. Let r(m) = 2*m - 1. Let k(j) = -h(j) + r(j). Let l be ((-3)/(-2))/(9/18). Determine k(l).
1
Let b = -161 + 106. Let v = b - -60. Let d(i) = -i + 2. Give d(v).
-3
Let s(q) = -q**2 + 10*q - 11. Let p(d) = 47*d + 572. Let v be p(-12). Give s(v).
5
Let n(p) be the third derivative of 5*p**4/24 - p**3/6 + 164*p**2. Let m(f) = -f**2 + 7*f - 5. Let x be 4 + 2 + 0 - 0. Let k be m(x). What is n(k)?
4
Let w be (1 - (-39)/6)*2/(-3). Suppose 0 = 3*j - 3*l + 3, 4*j = j - 4*l + 25. Let g(t) = -2 - 5*t + j*t - 2 - 3. Calculate g(w).
3
Let d(q) be the second derivative of 3*q**3/2 - 5*q**2/2 + q + 278. Give d(5).
40
Let x(z) = -14*z - 50. Let f be x(-4). Let l(n) = -n**3 + 5*n**2 + 5*n + 6. Give l(f).
0
Let c(x) = 54*x + 4. Let s(r) = -46*r - 3. Let a(z) = -5*c(z) - 6*s(z). Let m = 3 - 1. What is a(m)?
10
Let x(b) = -b**3 + 5*b**2 - 7. Let i be -4*(36/(-8) + 3). Let m(w) = 3*w - 13. Let g be m(i). What is x(g)?
-7
Let q(j) = -2*j**2 + 29*j + 10. Let u be q(15). Let x(z) be the third derivative of -1/60*z**5 + 0*z - 5/24*z**4 + 0*z**3 + 0 + z**2. Give x(u).
0
Let j(c) = 2*c**3 + 2*c**2 + c - 2. Let f = -9 - -5. Let b be 20/30 + f/(-3). Suppose b*s + 6 = -s. Determine j(s).
-12
Let m(u) = u**2 - 13*u + 5. Let a be m(13). Suppose 5*x + 3*w + 24 = w, 0 = a*w - 15. Let b(r) = 3*r - 1. Determine b(x).
-19
Let c(y) be the second derivative of -1/3*y**3 - 1/24*y**4 + 3*y**2 - 1/120*y**6 - 6*y + 0 + 1/20*y**5. Let r(h) be the first derivative of c(h). What is r(2)?
0
Let n(s) = -3*s + 3. Let t(v) = -v**2 + 8*v - 3. Let g be t(8). Give n(g).
12
Let n(t) = -t + 5 - 7 + 4 + 2. Suppose 10 = 5*g - 3*g. Suppose 0 = 2*i - 1 - g. Give n(i).
1
Let h(i) = 6029*i**2 + i - i**3 - 6022*i**2 - 4 - 7*i. Calculate h(6).
-4
Let j = 12 - 0. Let b = 9 - j. Let c(s) = -5*s. Let o(y) = 6*y - 1. Let n(k) = b*o(k) - 4*c(k). Give n(-3).
-3
Let u(y) = -43 + 5*y**2 + 46 + y**3 - 3*y**3 + 7*y + y**3. Determine u(6).
9
Let g be 0/(-2) + (0 - 4). Let x(d) = -398*d - 393*d + 792*d + 1. What is x(g)?
-3
Suppose -o - 3*o - 16 = 0. Let u = o + 7. Let l be (-2)/((u + -5)*-1). Let a(w) = 5*w + 1. What is a(l)?
-4
Suppose -270 = -3*o - 3*j, 280 = 4*o - 3*j - 52. Let q(h) = o*h - 43*h - 46*h + 1. Determine q(-2).
7
Let k(q) = -q**2 - 5*q + 4. Let p be k(-5). Let s(h) = -h**2 - 11*h - 2. Let w(c) = -4*c**2 - 36*c - 5. Let v(b) = 7*s(b) - 2*w(b). Give v(p).
-8
Suppose -5 = -2*l - 3*i + 2*i, -2*i = -l + 5. Let k = -38 - -68. Let p(v) = 27*v - 4*v**2 + k*v + v**3 - 56*v. Determine p(l).
-6
Let q(l) be the second derivative of l**4/12 - 2*l**2 - 9*l. Determine q(-5).
21
Let t(r) be the first derivative of -r**3/3 + 3*r**2 + r - 102. Determine t(7).
-6
Let h be (-2)/(-6) + 48/(-9). Let c(l) = -8 - 10 - 5*l + 37 + 0*l**2 - 17 - l**2. Calculate c(h).
2
Suppose 0 = -g - 2*g + 6, -8 = -5*b + g. Let y(h) = 40*h - 1 - 16*h - 18*h + 0 - b*h**2. What is y(4)?
-9
Let k(t) be the second derivative of t**5/20 - t**4/3 - 5*t**3/6 + 3*t**2 + 4*t. Suppose -63 = 3*h + 5*j, -2*h + 4*j = -4*h - 44. Let z = -11 - h. Give k(z).
6
Let p(t) be the third derivative of -t**5/120 + t**4/3 - 7*t**3/6 + 4*t**2. Let j(x) be the first derivative of p(x). Determine j(6).
2
Let u(v) be the first derivative of 1/4*v**4 - 5/3*v**3 + 46 + 3*v + v**2. Calculate u(4).
-5
Let k = -12 - -6. Let l(n) = 1768*n**2 - 8*n - 1769*n**2 - 4 + 5. Give l(k).
13
Let a(d) = 4*d - 7. Let j = 272 - 269. Determine a(j).
5
Let d(j) = -j - 12. Let p be (4/8)/(1/(-18)). Determine d(p).
-3
Let z(x) = 25*x + 81. Let u(i) = 38*i + 121. Let w(f) = 5*u(f) - 8*z(f). Calculate w(-5).
7
Let k(b) = b**2 - 13*b + 7. Suppose 0 = -10*u - 2503 + 2613. What is k(u)?
-15
Let g(c) = 6*c**3 - c + 1. Let a(q) = -q + 1. Let h(y) = 3*y - 6. Let k be ((-1*16)/4)/(-1). Let b(l) = k*a(l) + h(l). Let x be b(-3). Give g(x).
6
Let a(s) be the first derivative of -s**2 - 4*s - 1. Let j = -53 - -56. Let d be j/(-6) + (-63)/(-14). Determine a(d).
-12
Let k(s) = -s**3 + 2*s**2 - 2*s - 1. Let q be (-3)/(-1*3 - (-10 - -8)). What is k(q)?
-16
Let w = 699 + -477. Let j(z) = w + z + 0*z - 226. Determine j(3).
-1
Let x(z) = z**2 + z. Let v(g) = -g**2 - 11*g + 6. Let s(c) = v(c) + 2*x(c). What is s(8)?
-2
Let m(i) = 0 + 4 + i + 2 - 27. What is m(12)?
-9
Suppose -3*h + 285 = 54*h. Let l(k) = -6*k + 32. Give l(h).
2
Let c(q) = -q**2 + q + 7. Let k = -1 + 5. Suppose -k*j - j = -30. Let w be j/27 - (-2)/(-9). What is c(w)?
7
Let x = -267 - -268. Let v(o) = -4*o - 1. Determine v(x).
-5
Let c(a) = a - 4. Let f be 1/(((-5)/4)/5). Let y(u) = -u**3 - 4*u**2 + u - 1. Let n be y(f). What is c(n)?
-9
Let m(y) = 4*y**2 + 7 - 5*y - 2 + y**3 - 4 + 0*y**3 - 11. Determine m(-5).
-10
Let t(d) = -d - 11 + 37 - 19. Calculate t(-7).
14
Suppose -12*z + 4 = -14*z - x, -5*z = -2*x + 28. Let b(n) = -5*n - 1. Let c(r) = -6*r - 2. Let p(a) = 7*b(a) - 6*c(a). Calculate p(z).
1
Let o(z) = z**3 + 2*z**2 + 1. Let l = 36 - 42. Let t = -73 + 49. Let g be t/18*l/(-4). Determine o(g).
1
Suppose -2*f + i - 3*i + 2 = 0, 0 = -2*f - 5*i + 8. Let j be (3 + -1)/(f + 0). Let d(a) = -a**2 - a + 3*a + 3 + 0 + 0. Determine d(j).
-5
Let n(q) = 9 + 3*q + 4*q - 45 + 10 + 18. Give n(2).
6
Suppose -26*g + 8*g = 0. Let t(q) be the second derivative of -3*q - 1/6*q**3 + g - 8*q**2. Calculate t(0).
-16
Let c(x) = -3*x. Suppose 2*s = 4*s - 24. Suppose -18 - s = -5*u. Suppose 7 = -3*m + 2*r, 3 = 5*m + r + u. What is c(m)?
3
Let x(q) be the second derivative of -2*q**3/3 + 3*q**2/2 + 2*q. Let z be ((-4)/18)/((-1)/9)*2. Determine x(z).
-13
Let z(j) = 37*j - 11*j - 857*j**2 + 855*j**2 + 6 + 1. Determine z(13).
7
Let l(u) = u**3 + 2*u**2 - 2*u + 4. Let g be (-52)/14 + (-82)/287. Give l(g).
-20
Let f(n) = 11*n - 33. Let y be f(4). Let i(b) = 60*b**2 + 9*b. Let c(q) = 30*q**2 + 5*q. Let u(r) = y*c(r) - 6*i(r). What is u(1)?
-29
Let d be (-3 - (-16)/4)*0. Let c = 4 + d. Let t(q) = 3*q**3 - c*q**3 - 3*q**3 - 4*q**2 + 1 + 3*q**3 + 6*q. Determine t(-5).
-4
Let n(l) = 5 - 8 + l**2 - 14*l + 11 + 2 + 1. Calculate n(12).
-13
Let u(f) = -f - 1. Suppose 0 = -6*h - 164 + 56. Let b(q) = -q**3 - 20*q**2 - 37*q - 15. Let m be b(h). Calculate u(m).
-4
Suppose -5*p - 15 = j - 2*p, -2*p - 10 = j. Suppose -3*g - 7 - 8 = j. Let l(f) = f**2 + 7*f + 5. Calculate l(g).
-5
Let r(b) = -2*b + 3. Let s(m) = 4*m - 8. Let t(a) = 4*r(a) + s(a). What is t(-2)?
12
Suppose -2*t + 3 - 5 = 0, 0 = f - 4*t - 10. Let z = f + -10. Let a(i) be the second derivative of i**4/12 + i**3 + 2*i**2 - 3*i. Calculate a(z).
-4
Let s(l) = -3*l - 1. Let p(f) = f**2 - 9*f + 3. Let b be p(8). What is s(b)?
14
Let n(f) = -2*f**3 + 9*f**2 - 3*f - 3. Let j be n(4). Let w(l) = -l - 18*l**3 - 247 + 247 - l**2 + 2*l**2. Give w(j).
-18
Let v(t) = -t**2 - t - 1. Let p = -18 - -21. Let c(m) = -p + 15 - 4 - m - 5. Let k be c(6). Give v(k).
-7
Suppose 3*w + 8*w - 77 = 0. Let m(n) = 6*n + 2*n + 1 + w*n - 2*n. Give m(1).
14
Let s(t) = t**3 - 9*t**2 + 9*t. Let m(r) = -r**2 + 11*r + 20. Let k = 36 + -24. Let a be m(k). Determine s(a).
8
Let k(m) = 70 - m**2 - 2*m - 66 - 4*m. Give k(-6).
4
Suppose -72 = 9*w - 13*w. Let f = 17 - w. Let b(x) = x**3 - 7*x**2 + 3*x + 6. Let q(l) = -l**2 - l + 1. Let z(p) = f*q(p) + b(p). What is z(4)?
-11
Let r(x) = -2*x + 6. Suppose 4*u = 21*u + 136. Determine r(u).
22
Let l be (-116)/((-4)/1 - -6). Let z = l + 56. Let q(h) = -h - 2. Calculate q(z).
0
Let a(d) = d**3 - 3*d**2 + 4*d - 3. Suppose 7*b - 48 = 4*b. Let h(p) = -p**3 + 17*p**2 - 17*p + 18. Let g be h(b). Determine a(g).
1
Let g(k) = -k**3 - 2*k**2 - 10. Let l(j) = j**3 + j**2 - j + 11. Let m(u) = -5*g(u) - 4*l(u). Suppose -2*s - 2*s - 20 = 0. What is m(s)?
11
Let w be 10 + 62/(-3) - 4/(-6). Let u(h) = h + 30. What is u(w)?
20
Let c = -9 + 10. Let s(r) = 3*r - 5 + r + 5 + r**2 - c. Let t be (3 - (1 - -1)) + -4. Determine s(t).
-4
Let y(a) be the second derivative of -8*a - 3/2*a**2 - 1/12*a**4 + 1/2*a**3 + 0. Let v be -1*3/((-3)/2). Determine y(v).
-1
Let b(q) = -6*q - 1. Let d(m) be the third derivative of -5*m**4/24 - m**3/6 + 9*m**2. Let a(j) = -2*b(j) + 3*d(j). Calculate a(-5).
14
Let a(c) = c + 3. Let p(h) be the second derivative of -h**5/120 + h**4/3 - h. Let l(y) be the third derivative of p(y). Let o(z) = a(z) - 6*l(z). Give o(-6).
3
Let p(u) = u**2 - 7*u + 6. Let k be (-5)/(1 + 1 - 3). Let b be (-1 + (-15